{"id":398,"date":"2019-02-19T17:33:59","date_gmt":"2019-02-19T17:33:59","guid":{"rendered":"https:\/\/elsecom.com\/portal\/?page_id=398"},"modified":"2019-03-12T11:29:29","modified_gmt":"2019-03-12T11:29:29","slug":"piecerechange","status":"publish","type":"page","link":"https:\/\/elsecom.com\/portal\/piecerechange\/","title":{"rendered":"Pi\u00e8ces de Rechange V\u00e9hicules"},"content":{"rendered":"<p>[et_pb_section fb_built=\u00a0\u00bb1&Prime; _builder_version=\u00a0\u00bb3.19.15&Prime; custom_padding=\u00a0\u00bb0|0px|54px|0px|false|false\u00a0\u00bb][et_pb_row _builder_version=\u00a0\u00bb3.19.15&Prime;][et_pb_column type=\u00a0\u00bb4_4&Prime; _builder_version=\u00a0\u00bb3.19.15&Prime;][et_pb_image src=\u00a0\u00bbhttps:\/\/elsecom.com\/portal\/wp-content\/uploads\/2019\/03\/Logo_GP2.png\u00a0\u00bb align=\u00a0\u00bbcenter\u00a0\u00bb _builder_version=\u00a0\u00bb3.19.15&Prime; border_color_top=\u00a0\u00bb#7cda24&Prime; border_color_right=\u00a0\u00bb#7cda24&Prime; border_color_bottom=\u00a0\u00bb#7cda24&Prime; border_color_left=\u00a0\u00bb#7cda24&Prime; animation_style=\u00a0\u00bbbounce\u00a0\u00bb][\/et_pb_image][et_pb_image src=\u00a0\u00bbhttps:\/\/elsecom.com\/portal\/wp-content\/uploads\/2019\/03\/Logo_GP1.png\u00a0\u00bb align=\u00a0\u00bbcenter\u00a0\u00bb _builder_version=\u00a0\u00bb3.19.15&Prime; border_color_top=\u00a0\u00bb#7cda24&Prime; border_color_right=\u00a0\u00bb#7cda24&Prime; border_color_bottom=\u00a0\u00bb#7cda24&Prime; border_color_left=\u00a0\u00bb#7cda24&Prime; animation_style=\u00a0\u00bbbounce\u00a0\u00bb][\/et_pb_image][\/et_pb_column][\/et_pb_row][et_pb_row _builder_version=\u00a0\u00bb3.19.15&Prime;][et_pb_column type=\u00a0\u00bb1_2&Prime; _builder_version=\u00a0\u00bb3.19.15&Prime;][et_pb_text _builder_version=\u00a0\u00bb3.19.15&Prime;]<\/p>\n<p>Plus de <strong>73\u00a0000<\/strong> r\u00e9f\u00e9rences de pi\u00e8ces de rechange d\u2019origine sont disponibles dans nos stocks pour les marques <strong>SUZUKI<\/strong> &amp; <strong>MARUTI<\/strong>, <strong>TATA, DAEWOO<\/strong>, <strong>FORD, ISUZU<\/strong> et bien s\u00fbr pour <strong>Bosch<\/strong> et <strong>Champion<\/strong> destin\u00e9es aux voitures de tourisme, v\u00e9hicules utilitaires et v\u00e9hicules industriels<strong>.<\/strong><u1:p><\/u1:p><o:p><\/o:p><\/p>\n<p>Vous trouverez aussi dans nos stocks, des batteries de diff\u00e9rents amp\u00e9rages de marque <strong>Bosch<\/strong> et <strong>Johnson Control<\/strong> <em>(sous la marque <\/em><strong><i>Drivex<\/i><\/strong><em>)<\/em>.<u1:p><\/u1:p><o:p><\/o:p><\/p>\n<p>De nombreux accessoires sont disponibles, en particulier : Bluetooth Mini-kit Neo parrot, Bluthoot Min-kit++, Mini tablette Parrot (<em>Asteroidmini<\/em>), Parrot tablet Asteroid.<u1:p><\/u1:p><o:p><\/o:p><\/p>\n<p>Nous livrons la <strong>pi\u00e8ce de rechange<\/strong> au comptoir pour la vente en <strong>d\u00e9tail<\/strong> et \u00e0 domicile pour la vente en <strong>gros<\/strong>.<strong><span style=\"color: black;\">\u00a0<\/span><\/strong><u1:p><\/u1:p><o:p><\/o:p><\/p>\n<p>&nbsp;<\/p>\n<h3><strong><a href=\"\/portal\/contact\/\"><span style=\"text-decoration: underline;\">Contactez nous<\/span><\/a><\/strong><\/h3>\n<p>[\/et_pb_text][\/et_pb_column][et_pb_column type=\u00a0\u00bb1_2&Prime; _builder_version=\u00a0\u00bb3.19.15&Prime;][et_pb_gallery gallery_ids=\u00a0\u00bb968,969,970,971,972,973,974,975,976,977,978,979,980,981&Prime; fullwidth=\u00a0\u00bbon\u00a0\u00bb admin_label=\u00a0\u00bbGalerie\u00a0\u00bb _builder_version=\u00a0\u00bb3.19.15&Prime; max_width=\u00a0\u00bb77%\u00a0\u00bb module_alignment=\u00a0\u00bbright\u00a0\u00bb mix_blend_mode=\u00a0\u00bboverlay\u00a0\u00bb auto=\u00a0\u00bbon\u00a0\u00bb auto_speed=\u00a0\u00bb2000&Prime;][\/et_pb_gallery][\/et_pb_column][\/et_pb_row][\/et_pb_section]<\/p>\n","protected":false},"excerpt":{"rendered":"<p>Plus de 73\u00a0000 r\u00e9f\u00e9rences de pi\u00e8ces de rechange d\u2019origine sont disponibles dans nos stocks pour les marques SUZUKI &amp; MARUTI, TATA, DAEWOO, FORD, ISUZU et bien s\u00fbr pour Bosch et Champion destin\u00e9es aux voitures de tourisme, v\u00e9hicules utilitaires et v\u00e9hicules industriels. Vous trouverez aussi dans nos stocks, des batteries de diff\u00e9rents amp\u00e9rages de marque Bosch [&hellip;]<\/p>\n","protected":false},"author":1,"featured_media":0,"parent":0,"menu_order":0,"comment_status":"closed","ping_status":"closed","template":"","meta":{"_et_pb_use_builder":"on","_et_pb_old_content":"","_et_gb_content_width":"","footnotes":""},"class_list":["post-398","page","type-page","status-publish","hentry"],"yoast_head":"<!-- This site is optimized with the Yoast SEO plugin v27.4 - https:\/\/yoast.com\/product\/yoast-seo-wordpress\/ -->\n<title>Pi\u00e8ces de Rechange V\u00e9hicules - Groupe ELSECOM<\/title>\n<meta name=\"robots\" content=\"index, follow, max-snippet:-1, max-image-preview:large, max-video-preview:-1\" \/>\n<link rel=\"canonical\" href=\"https:\/\/elsecom.com\/portal\/piecerechange\/\" \/>\n<meta property=\"og:locale\" content=\"fr_FR\" \/>\n<meta property=\"og:type\" content=\"article\" \/>\n<meta property=\"og:title\" content=\"Pi\u00e8ces de Rechange V\u00e9hicules - Groupe ELSECOM\" \/>\n<meta property=\"og:description\" content=\"Plus de 73\u00a0000 r\u00e9f\u00e9rences de pi\u00e8ces de rechange d\u2019origine sont disponibles dans nos stocks pour les marques SUZUKI &amp; MARUTI, TATA, DAEWOO, FORD, ISUZU et bien s\u00fbr pour Bosch et Champion destin\u00e9es aux voitures de tourisme, v\u00e9hicules utilitaires et v\u00e9hicules industriels. Vous trouverez aussi dans nos stocks, des batteries de diff\u00e9rents amp\u00e9rages de marque Bosch [&hellip;]\" \/>\n<meta property=\"og:url\" content=\"https:\/\/elsecom.com\/portal\/piecerechange\/\" \/>\n<meta property=\"og:site_name\" content=\"Groupe ELSECOM\" \/>\n<meta property=\"article:modified_time\" content=\"2019-03-12T11:29:29+00:00\" \/>\n<meta name=\"twitter:card\" content=\"summary_large_image\" \/>\n<meta name=\"twitter:label1\" content=\"Dur\u00e9e de lecture estim\u00e9e\" \/>\n\t<meta name=\"twitter:data1\" content=\"1 minute\" \/>\n<script type=\"application\/ld+json\" class=\"yoast-schema-graph\">{\"@context\":\"https:\\\/\\\/schema.org\",\"@graph\":[{\"@type\":\"WebPage\",\"@id\":\"https:\\\/\\\/elsecom.com\\\/portal\\\/piecerechange\\\/\",\"url\":\"https:\\\/\\\/elsecom.com\\\/portal\\\/piecerechange\\\/\",\"name\":\"Pi\u00e8ces de Rechange V\u00e9hicules - Groupe ELSECOM\",\"isPartOf\":{\"@id\":\"https:\\\/\\\/elsecom.com\\\/portal\\\/#website\"},\"datePublished\":\"2019-02-19T17:33:59+00:00\",\"dateModified\":\"2019-03-12T11:29:29+00:00\",\"breadcrumb\":{\"@id\":\"https:\\\/\\\/elsecom.com\\\/portal\\\/piecerechange\\\/#breadcrumb\"},\"inLanguage\":\"fr-FR\",\"potentialAction\":[{\"@type\":\"ReadAction\",\"target\":[\"https:\\\/\\\/elsecom.com\\\/portal\\\/piecerechange\\\/\"]}]},{\"@type\":\"BreadcrumbList\",\"@id\":\"https:\\\/\\\/elsecom.com\\\/portal\\\/piecerechange\\\/#breadcrumb\",\"itemListElement\":[{\"@type\":\"ListItem\",\"position\":1,\"name\":\"Accueil\",\"item\":\"https:\\\/\\\/elsecom.com\\\/portal\\\/\"},{\"@type\":\"ListItem\",\"position\":2,\"name\":\"Pi\u00e8ces de Rechange V\u00e9hicules\"}]},{\"@type\":\"WebSite\",\"@id\":\"https:\\\/\\\/elsecom.com\\\/portal\\\/#website\",\"url\":\"https:\\\/\\\/elsecom.com\\\/portal\\\/\",\"name\":\"Groupe ELSECOM\",\"description\":\"Entreprise de vente et de location de v\u00e9hicules et de service informatique\",\"publisher\":{\"@id\":\"https:\\\/\\\/elsecom.com\\\/portal\\\/#organization\"},\"potentialAction\":[{\"@type\":\"SearchAction\",\"target\":{\"@type\":\"EntryPoint\",\"urlTemplate\":\"https:\\\/\\\/elsecom.com\\\/portal\\\/?s={search_term_string}\"},\"query-input\":{\"@type\":\"PropertyValueSpecification\",\"valueRequired\":true,\"valueName\":\"search_term_string\"}}],\"inLanguage\":\"fr-FR\"},{\"@type\":\"Organization\",\"@id\":\"https:\\\/\\\/elsecom.com\\\/portal\\\/#organization\",\"name\":\"SPA ELSECOM\",\"url\":\"https:\\\/\\\/elsecom.com\\\/portal\\\/\",\"logo\":{\"@type\":\"ImageObject\",\"inLanguage\":\"fr-FR\",\"@id\":\"https:\\\/\\\/elsecom.com\\\/portal\\\/#\\\/schema\\\/logo\\\/image\\\/\",\"url\":\"https:\\\/\\\/elsecom.com\\\/portal\\\/wp-content\\\/uploads\\\/2018\\\/07\\\/LOGO2012.jpg\",\"contentUrl\":\"https:\\\/\\\/elsecom.com\\\/portal\\\/wp-content\\\/uploads\\\/2018\\\/07\\\/LOGO2012.jpg\",\"width\":229,\"height\":47,\"caption\":\"SPA ELSECOM\"},\"image\":{\"@id\":\"https:\\\/\\\/elsecom.com\\\/portal\\\/#\\\/schema\\\/logo\\\/image\\\/\"}}]}<\/script>\n<!-- \/ Yoast SEO plugin. -->","yoast_head_json":{"title":"Pi\u00e8ces de Rechange V\u00e9hicules - Groupe ELSECOM","robots":{"index":"index","follow":"follow","max-snippet":"max-snippet:-1","max-image-preview":"max-image-preview:large","max-video-preview":"max-video-preview:-1"},"canonical":"https:\/\/elsecom.com\/portal\/piecerechange\/","og_locale":"fr_FR","og_type":"article","og_title":"Pi\u00e8ces de Rechange V\u00e9hicules - Groupe ELSECOM","og_description":"Plus de 73\u00a0000 r\u00e9f\u00e9rences de pi\u00e8ces de rechange d\u2019origine sont disponibles dans nos stocks pour les marques SUZUKI &amp; MARUTI, TATA, DAEWOO, FORD, ISUZU et bien s\u00fbr pour Bosch et Champion destin\u00e9es aux voitures de tourisme, v\u00e9hicules utilitaires et v\u00e9hicules industriels. Vous trouverez aussi dans nos stocks, des batteries de diff\u00e9rents amp\u00e9rages de marque Bosch [&hellip;]","og_url":"https:\/\/elsecom.com\/portal\/piecerechange\/","og_site_name":"Groupe ELSECOM","article_modified_time":"2019-03-12T11:29:29+00:00","twitter_card":"summary_large_image","twitter_misc":{"Dur\u00e9e de lecture estim\u00e9e":"1 minute"},"schema":{"@context":"https:\/\/schema.org","@graph":[{"@type":"WebPage","@id":"https:\/\/elsecom.com\/portal\/piecerechange\/","url":"https:\/\/elsecom.com\/portal\/piecerechange\/","name":"Pi\u00e8ces de Rechange V\u00e9hicules - Groupe ELSECOM","isPartOf":{"@id":"https:\/\/elsecom.com\/portal\/#website"},"datePublished":"2019-02-19T17:33:59+00:00","dateModified":"2019-03-12T11:29:29+00:00","breadcrumb":{"@id":"https:\/\/elsecom.com\/portal\/piecerechange\/#breadcrumb"},"inLanguage":"fr-FR","potentialAction":[{"@type":"ReadAction","target":["https:\/\/elsecom.com\/portal\/piecerechange\/"]}]},{"@type":"BreadcrumbList","@id":"https:\/\/elsecom.com\/portal\/piecerechange\/#breadcrumb","itemListElement":[{"@type":"ListItem","position":1,"name":"Accueil","item":"https:\/\/elsecom.com\/portal\/"},{"@type":"ListItem","position":2,"name":"Pi\u00e8ces de Rechange V\u00e9hicules"}]},{"@type":"WebSite","@id":"https:\/\/elsecom.com\/portal\/#website","url":"https:\/\/elsecom.com\/portal\/","name":"Groupe ELSECOM","description":"Entreprise de vente et de location de v\u00e9hicules et de service informatique","publisher":{"@id":"https:\/\/elsecom.com\/portal\/#organization"},"potentialAction":[{"@type":"SearchAction","target":{"@type":"EntryPoint","urlTemplate":"https:\/\/elsecom.com\/portal\/?s={search_term_string}"},"query-input":{"@type":"PropertyValueSpecification","valueRequired":true,"valueName":"search_term_string"}}],"inLanguage":"fr-FR"},{"@type":"Organization","@id":"https:\/\/elsecom.com\/portal\/#organization","name":"SPA ELSECOM","url":"https:\/\/elsecom.com\/portal\/","logo":{"@type":"ImageObject","inLanguage":"fr-FR","@id":"https:\/\/elsecom.com\/portal\/#\/schema\/logo\/image\/","url":"https:\/\/elsecom.com\/portal\/wp-content\/uploads\/2018\/07\/LOGO2012.jpg","contentUrl":"https:\/\/elsecom.com\/portal\/wp-content\/uploads\/2018\/07\/LOGO2012.jpg","width":229,"height":47,"caption":"SPA ELSECOM"},"image":{"@id":"https:\/\/elsecom.com\/portal\/#\/schema\/logo\/image\/"}}]}},"_links":{"self":[{"href":"https:\/\/elsecom.com\/portal\/wp-json\/wp\/v2\/pages\/398","targetHints":{"allow":["GET"]}}],"collection":[{"href":"https:\/\/elsecom.com\/portal\/wp-json\/wp\/v2\/pages"}],"about":[{"href":"https:\/\/elsecom.com\/portal\/wp-json\/wp\/v2\/types\/page"}],"author":[{"embeddable":true,"href":"https:\/\/elsecom.com\/portal\/wp-json\/wp\/v2\/users\/1"}],"replies":[{"embeddable":true,"href":"https:\/\/elsecom.com\/portal\/wp-json\/wp\/v2\/comments?post=398"}],"version-history":[{"count":30,"href":"https:\/\/elsecom.com\/portal\/wp-json\/wp\/v2\/pages\/398\/revisions"}],"predecessor-version":[{"id":1423,"href":"https:\/\/elsecom.com\/portal\/wp-json\/wp\/v2\/pages\/398\/revisions\/1423"}],"wp:attachment":[{"href":"https:\/\/elsecom.com\/portal\/wp-json\/wp\/v2\/media?parent=398"}],"curies":[{"name":"wp","href":"https:\/\/api.w.org\/{rel}","templated":true}]}}